{"id":241,"date":"2020-04-05T11:52:24","date_gmt":"2020-04-05T11:52:24","guid":{"rendered":"http:\/\/bearbeitung.grundschule-uthlede.de\/?page_id=241"},"modified":"2025-11-18T08:40:26","modified_gmt":"2025-11-18T08:40:26","slug":"schulleitung","status":"publish","type":"page","link":"http:\/\/grundschule-uthlede.de\/?page_id=241","title":{"rendered":"Schulleitung"},"content":{"rendered":"\n<div class=\"wp-block-media-text is-stacked-on-mobile\"><figure class=\"wp-block-media-text__media\"><img loading=\"lazy\" decoding=\"async\" width=\"683\" height=\"1024\" src=\"http:\/\/grundschule-uthlede.de\/wp-content\/uploads\/2025\/11\/066A1250-683x1024.jpg\" alt=\"\" class=\"wp-image-751 size-full\" srcset=\"http:\/\/grundschule-uthlede.de\/wp-content\/uploads\/2025\/11\/066A1250-683x1024.jpg 683w, http:\/\/grundschule-uthlede.de\/wp-content\/uploads\/2025\/11\/066A1250-200x300.jpg 200w, http:\/\/grundschule-uthlede.de\/wp-content\/uploads\/2025\/11\/066A1250-768x1152.jpg 768w, http:\/\/grundschule-uthlede.de\/wp-content\/uploads\/2025\/11\/066A1250-1024x1536.jpg 1024w, http:\/\/grundschule-uthlede.de\/wp-content\/uploads\/2025\/11\/066A1250-1365x2048.jpg 1365w, http:\/\/grundschule-uthlede.de\/wp-content\/uploads\/2025\/11\/066A1250-1200x1800.jpg 1200w, http:\/\/grundschule-uthlede.de\/wp-content\/uploads\/2025\/11\/066A1250-1980x2970.jpg 1980w, http:\/\/grundschule-uthlede.de\/wp-content\/uploads\/2025\/11\/066A1250-scaled.jpg 1707w\" sizes=\"(max-width: 683px) 100vw, 683px\" \/><\/figure><div class=\"wp-block-media-text__content\">\n<p><\/p>\n\n\n\n<p><\/p>\n\n\n\n<p><\/p>\n\n\n\n<p><\/p>\n\n\n\n<p class=\"has-small-font-size\">Foto freundlich zur Verf\u00fcgung gestellt durch: <\/p>\n\n\n\n<p class=\"has-small-font-size\">Manuela Sch\u00f6nau-Jahn<\/p>\n<\/div><\/div>\n\n\n\n<p>Frau K\u00f6nig leitet die Grundschule Uthlede seit Schuljahresbeginn 2018\/2019.<\/p>\n\n\n\n<p>Sie ist unter der Telefonnummer <strong>04296-518<\/strong> zu erreichen. Sie k\u00f6nnen auch per Mail Kontakt aufnehmen unter <strong>grundschule.uthlede@t-online.de<\/strong> oder w\u00e4hrend der B\u00fcrozeiten im <a href=\"http:\/\/bearbeitung.grundschule-uthlede.de\/?page_id=131\">Schulsekretariat<\/a> um einen R\u00fcckruf bitten. <\/p>\n","protected":false},"excerpt":{"rendered":"<p>Foto freundlich zur Verf\u00fcgung gestellt durch: Manuela Sch\u00f6nau-Jahn Frau K\u00f6nig leitet die Grundschule Uthlede seit Schuljahresbeginn 2018\/2019. Sie ist unter der Telefonnummer 04296-518 zu erreichen. Sie k\u00f6nnen auch per Mail Kontakt aufnehmen unter grundschule.uthlede@t-online.de oder w\u00e4hrend der B\u00fcrozeiten im Schulsekretariat um einen R\u00fcckruf bitten.<\/p>\n","protected":false},"author":1,"featured_media":0,"parent":0,"menu_order":0,"comment_status":"closed","ping_status":"closed","template":"","meta":{"footnotes":""},"class_list":["post-241","page","type-page","status-publish","hentry"],"_links":{"self":[{"href":"http:\/\/grundschule-uthlede.de\/index.php?rest_route=\/wp\/v2\/pages\/241"}],"collection":[{"href":"http:\/\/grundschule-uthlede.de\/index.php?rest_route=\/wp\/v2\/pages"}],"about":[{"href":"http:\/\/grundschule-uthlede.de\/index.php?rest_route=\/wp\/v2\/types\/page"}],"author":[{"embeddable":true,"href":"http:\/\/grundschule-uthlede.de\/index.php?rest_route=\/wp\/v2\/users\/1"}],"replies":[{"embeddable":true,"href":"http:\/\/grundschule-uthlede.de\/index.php?rest_route=%2Fwp%2Fv2%2Fcomments&post=241"}],"version-history":[{"count":20,"href":"http:\/\/grundschule-uthlede.de\/index.php?rest_route=\/wp\/v2\/pages\/241\/revisions"}],"predecessor-version":[{"id":753,"href":"http:\/\/grundschule-uthlede.de\/index.php?rest_route=\/wp\/v2\/pages\/241\/revisions\/753"}],"wp:attachment":[{"href":"http:\/\/grundschule-uthlede.de\/index.php?rest_route=%2Fwp%2Fv2%2Fmedia&parent=241"}],"curies":[{"name":"wp","href":"https:\/\/api.w.org\/{rel}","templated":true}]}}

<div class="wp-block-media-text is-stacked-on-mobile"><figure class="wp-block-media-text__media"><img loading="lazy" decoding="async" width="683" height="1024" src="http://grundschule-uthlede.de/wp-content/uploads/2025/11/066A1250-683x1024.jpg" alt="" class="wp-image-751 size-full" srcset="http://grundschule-uthlede.de/wp-content/uploads/2025/11/066A1250-683x1024.jpg 683w, http://grundschule-uthlede.de/wp-content/uploads/2025/11/066A1250-200x300.jpg 200w, http://grundschule-uthlede.de/wp-content/uploads/2025/11/066A1250-768x1152.jpg 768w, http://grundschule-uthlede.de/wp-content/uploads/2025/11/066A1250-1024x1536.jpg 1024w, http://grundschule-uthlede.de/wp-content/uploads/2025/11/066A1250-1365x2048.jpg 1365w, http://grundschule-uthlede.de/wp-content/uploads/2025/11/066A1250-1200x1800.jpg 1200w, http://grundschule-uthlede.de/wp-content/uploads/2025/11/066A1250-1980x2970.jpg 1980w, http://grundschule-uthlede.de/wp-content/uploads/2025/11/066A1250-scaled.jpg 1707w" sizes="(max-width: 683px) 100vw, 683px" /></figure><div class="wp-block-media-text__content">
<p></p>



<p></p>



<p></p>



<p></p>



<p class="has-small-font-size">Foto freundlich zur Verfügung gestellt durch: </p>



<p class="has-small-font-size">Manuela Schönau-Jahn</p>
</div></div>



<p>Frau König leitet die Grundschule Uthlede seit Schuljahresbeginn 2018/2019.</p>



<p>Sie ist unter der Telefonnummer <strong>04296-518</strong> zu erreichen. Sie können auch per Mail Kontakt aufnehmen unter <strong>grundschule.uthlede@t-online.de</strong> oder während der Bürozeiten im <a href="http://bearbeitung.grundschule-uthlede.de/?page_id=131">Schulsekretariat</a> um einen Rückruf bitten. </p>

<p>Foto freundlich zur Verfügung gestellt durch: Manuela Schönau-Jahn Frau König leitet die Grundschule Uthlede seit Schuljahresbeginn 2018/2019. Sie ist unter der Telefonnummer 04296-518 zu erreichen. Sie können auch per Mail Kontakt aufnehmen unter grundschule.uthlede@t-online.de oder während der Bürozeiten im Schulsekretariat um einen Rückruf bitten.</p>
