{"id":154,"date":"2020-04-03T16:37:28","date_gmt":"2020-04-03T16:37:28","guid":{"rendered":"http:\/\/bearbeitung.grundschule-uthlede.de\/?page_id=154"},"modified":"2023-03-06T13:38:21","modified_gmt":"2023-03-06T13:38:21","slug":"schulverein","status":"publish","type":"page","link":"http:\/\/grundschule-uthlede.de\/?page_id=154","title":{"rendered":"Schulverein"},"content":{"rendered":"\n<div class=\"wp-block-image\"><figure class=\"alignright size-large is-resized\"><img loading=\"lazy\" decoding=\"async\" src=\"http:\/\/bearbeitung.grundschule-uthlede.de\/wp-content\/uploads\/2020\/04\/schulvereinLOGO.jpg\" alt=\"\" class=\"wp-image-155\" width=\"177\" height=\"143\"\/><\/figure><\/div>\n\n\n\n<p><\/p>\n\n\n\n<h6 class=\"has-text-align-center wp-block-heading\">Der Schulverein der Grundschule Uthlede e.V.<\/h6>\n\n\n\n<p><a href=\"https:\/\/web.archive.org\/web\/20160705071727\/http:\/\/grundschule-uthlede.de\/index.php?eID=tx_cms_showpic&amp;file=uploads%2Fpics%2Ffoto_schulverein.jpg&amp;width=800m&amp;height=600m&amp;bodyTag=%3Cbody%20style%3D%22margin%3A0%3B%20background%3A%23fff%3B%22%3E&amp;wrap=%3Ca%20href%3D%22javascript%3Aclose%28%29%3B%22%3E%20%7C%20%3C%2Fa%3E&amp;md5=fa57edc35c98205ea0bae5572aa686fc\"><\/a><\/p>\n\n\n\n<p>Seit M\u00e4rz 2006 besteht der Schulverein Grundschule Uthlede e.V. und unterst\u00fctzt seither unsere Schule tatkr\u00e4ftig bei vielen Aktionen und Projekten.<\/p>\n\n\n\n<p>1. Vorsitzende: Katharina Seebeck<\/p>\n\n\n\n<p>2. Vorsitzende: Marlit H\u00fcttmeyer<\/p>\n\n\n\n<p><\/p>\n\n\n\n<p><a href=\" https:\/\/www.schulvereingrundschuleuthlede.de\"> https:\/\/www.schulvereingrundschuleuthlede.de<\/a><\/p>\n\n\n\n<p><a href=\"https:\/\/www.facebook.com\/people\/Schulverein-Grundschule-Uthlede-eV\/100089505297878\/\">https:\/\/www.facebook.com\/people\/Schulverein-Grundschule-Uthlede-eV\/100089505297878\/<\/a><\/p>\n\n\n\n<p><\/p>\n\n\n\n<p>Der Verein hat in den vergangenen Jahren zahlreiche Projekte unterst\u00fctzt oder gemeinsam mit Lehrern und Sch\u00fclern durchgef\u00fchrt.<\/p>\n\n\n\n<p>Es finden j\u00e4hrlich wiederkehrende Veranstaltungen, wie das Laternelaufen und die Einschulung statt. Der Schulverein finanziert die Einschulungsgeschenke f\u00fcr die ersten Klassen, sowie Arbeitsmaterialien f\u00fcr die Kinder f\u00fcr das Sozialprojekt in Klasse 1 und 2 und die j\u00e4hrliche Autorenlesung in Klasse 3 und 4.<\/p>\n\n\n\n<p>Auch bei einmaligen Projekten bietet der Schulverein regelm\u00e4\u00dfig seine Unterst\u00fctzung an. So konnte mit Geldern des Schulvereins der Schulhof im Jahr 2011\/12 umfassend erneuert und tolle Spielger\u00e4te angeschafft werden. Im Jahr 2019 konnte mit Hilfe des Schulvereins am Ortsrand von Uthlede eine Streuobstwiese angelegt werden.<\/p>\n\n\n\n<p>Durch eine Mitgliedschaft im Schulverein kann der Verein finanziell unterst\u00fctzt werden, um so Projekte und Anschaffungen im Sinne der Kinder zu erm\u00f6glichen. Au\u00dferdem freut sich der Vorstand nat\u00fcrlich auch immer \u00fcber Eltern, die tatkr\u00e4ftig mit anpacken.<\/p>\n\n\n\n<p>Aktuell plant der Schulverein ein neues Spielger\u00e4t f\u00fcr den Schulhof zu finanzieren. F\u00fcr n\u00e4here Informationen folgen Sie den Links.<\/p>\n\n\n\n<p><\/p>\n","protected":false},"excerpt":{"rendered":"<p>Der Schulverein der Grundschule Uthlede e.V. Seit M\u00e4rz 2006 besteht der Schulverein Grundschule Uthlede e.V. und unterst\u00fctzt seither unsere Schule tatkr\u00e4ftig bei vielen Aktionen und Projekten. 1. Vorsitzende: Katharina Seebeck 2. Vorsitzende: Marlit H\u00fcttmeyer https:\/\/www.schulvereingrundschuleuthlede.de https:\/\/www.facebook.com\/people\/Schulverein-Grundschule-Uthlede-eV\/100089505297878\/ Der Verein hat in den vergangenen Jahren zahlreiche Projekte unterst\u00fctzt oder gemeinsam mit Lehrern und Sch\u00fclern durchgef\u00fchrt. Es finden [&hellip;]<\/p>\n","protected":false},"author":1,"featured_media":0,"parent":0,"menu_order":0,"comment_status":"closed","ping_status":"closed","template":"","meta":{"footnotes":""},"class_list":["post-154","page","type-page","status-publish","hentry"],"_links":{"self":[{"href":"http:\/\/grundschule-uthlede.de\/index.php?rest_route=\/wp\/v2\/pages\/154"}],"collection":[{"href":"http:\/\/grundschule-uthlede.de\/index.php?rest_route=\/wp\/v2\/pages"}],"about":[{"href":"http:\/\/grundschule-uthlede.de\/index.php?rest_route=\/wp\/v2\/types\/page"}],"author":[{"embeddable":true,"href":"http:\/\/grundschule-uthlede.de\/index.php?rest_route=\/wp\/v2\/users\/1"}],"replies":[{"embeddable":true,"href":"http:\/\/grundschule-uthlede.de\/index.php?rest_route=%2Fwp%2Fv2%2Fcomments&post=154"}],"version-history":[{"count":16,"href":"http:\/\/grundschule-uthlede.de\/index.php?rest_route=\/wp\/v2\/pages\/154\/revisions"}],"predecessor-version":[{"id":665,"href":"http:\/\/grundschule-uthlede.de\/index.php?rest_route=\/wp\/v2\/pages\/154\/revisions\/665"}],"wp:attachment":[{"href":"http:\/\/grundschule-uthlede.de\/index.php?rest_route=%2Fwp%2Fv2%2Fmedia&parent=154"}],"curies":[{"name":"wp","href":"https:\/\/api.w.org\/{rel}","templated":true}]}}