{"id":124,"date":"2020-04-03T15:47:27","date_gmt":"2020-04-03T15:47:27","guid":{"rendered":"http:\/\/bearbeitung.grundschule-uthlede.de\/?page_id=124"},"modified":"2023-02-21T14:35:05","modified_gmt":"2023-02-21T14:35:05","slug":"informationen-zur-einschulung","status":"publish","type":"page","link":"http:\/\/grundschule-uthlede.de\/?page_id=124","title":{"rendered":"Einschulung"},"content":{"rendered":"\n<figure class=\"wp-block-gallery columns-1 is-cropped wp-block-gallery-1 is-layout-flex wp-block-gallery-is-layout-flex\"><ul class=\"blocks-gallery-grid\"><li class=\"blocks-gallery-item\"><figure><img loading=\"lazy\" decoding=\"async\" width=\"1024\" height=\"768\" src=\"http:\/\/bearbeitung.grundschule-uthlede.de\/wp-content\/uploads\/2020\/04\/Schult\u00fcten-Kopie-1024x768.jpg\" alt=\"\" data-id=\"212\" data-full-url=\"http:\/\/bearbeitung.grundschule-uthlede.de\/wp-content\/uploads\/2020\/04\/Schult\u00fcten-Kopie.jpg\" data-link=\"http:\/\/bearbeitung.grundschule-uthlede.de\/?attachment_id=212\" class=\"wp-image-212\" srcset=\"http:\/\/grundschule-uthlede.de\/wp-content\/uploads\/2020\/04\/Schult\u00fcten-Kopie-1024x768.jpg 1024w, http:\/\/grundschule-uthlede.de\/wp-content\/uploads\/2020\/04\/Schult\u00fcten-Kopie-300x225.jpg 300w, http:\/\/grundschule-uthlede.de\/wp-content\/uploads\/2020\/04\/Schult\u00fcten-Kopie-768x576.jpg 768w, http:\/\/grundschule-uthlede.de\/wp-content\/uploads\/2020\/04\/Schult\u00fcten-Kopie-1536x1152.jpg 1536w, http:\/\/grundschule-uthlede.de\/wp-content\/uploads\/2020\/04\/Schult\u00fcten-Kopie-1200x900.jpg 1200w, http:\/\/grundschule-uthlede.de\/wp-content\/uploads\/2020\/04\/Schult\u00fcten-Kopie.jpg 1600w\" sizes=\"(max-width: 1024px) 100vw, 1024px\" \/><\/figure><\/li><\/ul><\/figure>\n\n\n\n<h3 class=\"has-text-align-center wp-block-heading\"><strong>Einschulung eines schulpflichtigen Kindes<\/strong><\/h3>\n\n\n\n<p>Ist ein Kind f\u00fcr das kommende Schuljahr schulpflichtig, gibt es einen festen Ablauf, bei dem lediglich die Termine ein wenig schwanken k\u00f6nnten.<\/p>\n\n\n\n<p>Gut ein Jahr vor der Einschulung bekommen Sie das erste Mal Post von der Schule. Darin finden Sie einen ungef\u00e4hren Ablaufplan f\u00fcr Termine im Jahr vor der Einschulung, einen Personal- und Sprachentwicklungsbogen, sowie eine Schweigepflichtentbindung gegen\u00fcber dem Kindergarten. Mit diesen Unterlagen k\u00f6nnen wir die Einschulung Ihres Kindes planen.<\/p>\n\n\n\n<p>Die Schulleitung der Grundschule Uthlede l\u00e4dt alle Eltern der einzuschulenden Kinder zu Beginn des letzten Kindergartenjahres zu einem Elternabend ein. Hier werden n\u00e4here Informationen zu unserer Schule, zum Ablauf der Einschulungsuntersuchung, zur Entwicklung des Kindes im letzten Kindergartenjahr, sowie zur Zusammenarbeit zwischen Schule und Kinderg\u00e4rten gegeben. Nat\u00fcrlich besteht die M\u00f6glichkeit, an diesem Abend Fragen zu stellen.<\/p>\n\n\n\n<p><br>Im Fr\u00fchjahr vor der Einschulung bekommt jedes Kind eine Einladung zur Schuleingangsuntersuchung. Um eine Einladung dazu zu erhalten, muss man sich <strong>nicht<\/strong> bei der Schule melden. Die Einladungen des Gesundheitsamtes werden durch die Schule \u00fcber die Kinderg\u00e4rten weitergeleitet oder direkt den Familien per Post zugestellt.<br><br>\u00dcblicherweise finden die Untersuchungen zwischen Februar und Mai in der Schule statt. Die Termine h\u00e4ngen immer von den Vorgaben des Gesundheitsamtes ab.<br><br>Nach Abschluss der Untersuchungen folgen die Besuche der zuk\u00fcnftigen Lehrer\/innen in den Kinderg\u00e4rten, die Besuche der Kinder in der Schule und der erste Elternabend. Diese Termine h\u00e4ngen nat\u00fcrlich von denen der Schuleingangsuntersuchung ab und werden im Vorfeld mit allen Einrichtungen abgesprochen.<\/p>\n\n\n\n<p>Auf dem ersten Elternabend, der kurz vor der Einschulung stattfindet, erfahren Sie die Klassenzusammensetzung und lernen die Klassenlehrkraft Ihres Kindes kennen. Hier erhalten Sie auch weitere Unterlagen und Informationen zum kommenden Schuljahr.<br><br><\/p>\n\n\n\n<h3 class=\"has-text-align-center wp-block-heading\"><strong>Einschulung eines noch nicht schulpflichtigen Kindes<\/strong> <\/h3>\n\n\n\n<h5 class=\"has-text-align-center wp-block-heading\">sogenanntes <strong>&#8222;Kann-Kind&#8220;<\/strong><\/h5>\n\n\n\n<p>Ein sogenanntes &#8222;Kann-Kind&#8220; wird nach dem Stichtag (30.09.\/01.10.) des Einschulungsjahres 6 Jahre alt. Bei einem &#8222;Kann-Kind&#8220; ist die Einschulung in dem Schuljahr aber nicht verpflichtend, sondern freiwillig.<br><br>Nach sorgf\u00e4ltiger \u00dcberlegung und Absprache mit den Erzieherinnen entscheiden die Eltern, ob sie einen Antrag auf vorzeitige Einschulung stellen wollen. Sollte das der Fall sein, melden die Eltern ihr Kind rechtzeitig (ca. Januar\/Februar des Einschulungsjahres) zur Schuleingangsuntersuchung in der Schule an. Die Eltern bekommen dann eine Einladung zur schul\u00e4rztlichen Untersuchung f\u00fcr ihr Kind und m\u00fcssen einen formellen Antrag auf vorzeitige Einschulung bei der Schulleitung stellen.<br><br>Nach Abschluss der Untersuchungen und Gespr\u00e4che entscheidet die Schulleitung, ob dem Antrag entsprochen wird oder nicht.<br><br>Der weitere Ablauf geschieht dann genauso wie bei den schulpflichtigen Kindern.<\/p>\n\n\n\n<h3 class=\"has-text-align-center wp-block-heading\"><strong>Erlass zur Flexibilisierung des Einschulungsstichtages<\/strong><\/h3>\n\n\n\n<p>Eltern, deren Kinder das sechste Lebensjahr zwischen dem 1. Juli und dem 1. Oktober vollenden, haben die M\u00f6glichkeit, den Einschulungstermin um ein Jahr zu verschieben. Dabei sollen die Eltern sich bis zum Stichtag 1. Mai eines jeden Schuljahres entschieden haben, ob die Einschulung des Kindes um ein Jahr hinausgeschoben werden soll. In diesem Fall reicht eine schriftliche Erkl\u00e4rung gegen\u00fcber der Schule aus, die bis zum 1. Mai eingegangen sein muss.<\/p>\n\n\n\n<p>Die Einschulungsuntersuchung findet unabh\u00e4ngig von der Entscheidung der Eltern trotzdem in dem Jahr statt, in dem das Kind schulpflichtig wird.<\/p>\n\n\n\n<p><\/p>\n","protected":false},"excerpt":{"rendered":"<p>Einschulung eines schulpflichtigen Kindes Ist ein Kind f\u00fcr das kommende Schuljahr schulpflichtig, gibt es einen festen Ablauf, bei dem lediglich die Termine ein wenig schwanken k\u00f6nnten. Gut ein Jahr vor der Einschulung bekommen Sie das erste Mal Post von der Schule. Darin finden Sie einen ungef\u00e4hren Ablaufplan f\u00fcr Termine im Jahr vor der Einschulung, einen [&hellip;]<\/p>\n","protected":false},"author":1,"featured_media":0,"parent":0,"menu_order":0,"comment_status":"closed","ping_status":"closed","template":"","meta":{"footnotes":""},"class_list":["post-124","page","type-page","status-publish","hentry"],"_links":{"self":[{"href":"http:\/\/grundschule-uthlede.de\/index.php?rest_route=\/wp\/v2\/pages\/124"}],"collection":[{"href":"http:\/\/grundschule-uthlede.de\/index.php?rest_route=\/wp\/v2\/pages"}],"about":[{"href":"http:\/\/grundschule-uthlede.de\/index.php?rest_route=\/wp\/v2\/types\/page"}],"author":[{"embeddable":true,"href":"http:\/\/grundschule-uthlede.de\/index.php?rest_route=\/wp\/v2\/users\/1"}],"replies":[{"embeddable":true,"href":"http:\/\/grundschule-uthlede.de\/index.php?rest_route=%2Fwp%2Fv2%2Fcomments&post=124"}],"version-history":[{"count":13,"href":"http:\/\/grundschule-uthlede.de\/index.php?rest_route=\/wp\/v2\/pages\/124\/revisions"}],"predecessor-version":[{"id":652,"href":"http:\/\/grundschule-uthlede.de\/index.php?rest_route=\/wp\/v2\/pages\/124\/revisions\/652"}],"wp:attachment":[{"href":"http:\/\/grundschule-uthlede.de\/index.php?rest_route=%2Fwp%2Fv2%2Fmedia&parent=124"}],"curies":[{"name":"wp","href":"https:\/\/api.w.org\/{rel}","templated":true}]}}