{"id":121,"date":"2020-04-03T15:46:53","date_gmt":"2020-04-03T15:46:53","guid":{"rendered":"http:\/\/bearbeitung.grundschule-uthlede.de\/?page_id=121"},"modified":"2023-03-16T11:38:13","modified_gmt":"2023-03-16T11:38:13","slug":"schulleben","status":"publish","type":"page","link":"http:\/\/grundschule-uthlede.de\/?page_id=121","title":{"rendered":"Schulleben"},"content":{"rendered":"\n<p>Unser Schulleben ist gepr\u00e4gt von verschiedenen Aktionen, Projekten und Veranstaltungen, die sich, zum Teil langfristig im Schulprogramm verankert, durch den Jahresverlauf ziehen.<\/p>\n\n\n\n<figure class=\"wp-block-gallery aligncenter columns-1 is-cropped wp-block-gallery-1 is-layout-flex wp-block-gallery-is-layout-flex\"><ul class=\"blocks-gallery-grid\"><li class=\"blocks-gallery-item\"><figure><img loading=\"lazy\" decoding=\"async\" width=\"1024\" height=\"627\" src=\"http:\/\/bearbeitung.grundschule-uthlede.de\/wp-content\/uploads\/2020\/04\/Sonnenaufgang_a-1024x627.jpg\" alt=\"\" data-id=\"329\" data-full-url=\"http:\/\/bearbeitung.grundschule-uthlede.de\/wp-content\/uploads\/2020\/04\/Sonnenaufgang_a.jpg\" data-link=\"http:\/\/bearbeitung.grundschule-uthlede.de\/?attachment_id=329\" class=\"wp-image-329\" srcset=\"http:\/\/grundschule-uthlede.de\/wp-content\/uploads\/2020\/04\/Sonnenaufgang_a-1024x627.jpg 1024w, http:\/\/grundschule-uthlede.de\/wp-content\/uploads\/2020\/04\/Sonnenaufgang_a-300x184.jpg 300w, http:\/\/grundschule-uthlede.de\/wp-content\/uploads\/2020\/04\/Sonnenaufgang_a-768x470.jpg 768w, http:\/\/grundschule-uthlede.de\/wp-content\/uploads\/2020\/04\/Sonnenaufgang_a-1536x941.jpg 1536w, http:\/\/grundschule-uthlede.de\/wp-content\/uploads\/2020\/04\/Sonnenaufgang_a-1200x735.jpg 1200w, http:\/\/grundschule-uthlede.de\/wp-content\/uploads\/2020\/04\/Sonnenaufgang_a.jpg 1600w\" sizes=\"(max-width: 1024px) 100vw, 1024px\" \/><\/figure><\/li><\/ul><\/figure>\n\n\n\n<p>Der Unterricht erfolgt auf Grundlage der curricularen Vorgaben nach festgelegten Schularbeitspl\u00e4nen durch Klassen- und Fachlehrkr\u00e4fte unter Einbezug neuer Medien und moderner Unterrichtsmethoden. Die individuelle Lernausgangslage des Kindes steht bei der Unterrichtsplanung im Mittelpunkt. Eine gute Zusammenarbeit zwischen Klassenlehrkraft, F\u00f6rderschullehrerin und Elternhaus erm\u00f6glicht eine individuelle F\u00f6rderung jedes einzelnen Kindes im Klassenverband und ist die Basis guten Unterrichts.<\/p>\n\n\n\n<div class=\"wp-block-image\"><figure class=\"alignright size-large\"><img loading=\"lazy\" decoding=\"async\" width=\"201\" height=\"182\" src=\"http:\/\/bearbeitung.grundschule-uthlede.de\/wp-content\/uploads\/2020\/04\/Umweltschule-1.jpg\" alt=\"\" class=\"wp-image-438\"\/><\/figure><\/div>\n\n\n\n<p>Die Grundschule Uthlede hat sich durch die Teilnahme am BNE-Projekt einige Schwerpunkte in ihrer Arbeit gesetzt. Im Bereich \u201eGesundheit\u201c finden sich im Jahresverlauf Aktionen, die sich mit gesunder Ern\u00e4hrung, wie z.B. Kochen mit den Landfrauen und Schulfr\u00fchst\u00fcck, oder mit sportlichen Themen, wie z.B. Handballtag oder Projekt Skipping Hearts, besch\u00e4ftigen. Im Bereich \u201eBiodiversit\u00e4t\u201c bearbeiten die Kinder beispielsweise im Schulgarten eigene Beete und lernen dort Kreisl\u00e4ufe der Natur kennen. Dar\u00fcber hinaus soll der Bereich &#8222;Fair Trade&#8220; neuer Inhalt werden, bei dem die Sch\u00fclerinnen und Sch\u00fcler verantwortungsvolles Verbraucherverhalten kennenlernen sollen. <\/p>\n\n\n\n<p><\/p>\n\n\n\n<p>Einen weiteren Schwerpunkt hat die Grundschule Uthlede im Bereich Plattdeutsch. Die Kinder haben ab der zweiten Klasse eine Stunde pro Woche Plattdeutschunterricht und erhalten hier spielerisch und kindgerecht Zugang zur regionalen Sprache. Seit November 2018 ist die Schule offiziell als &#8222;Plattdeutsche Schule&#8220; ausgezeichnet. <\/p>\n\n\n\n<figure class=\"wp-block-gallery columns-1 is-cropped wp-block-gallery-2 is-layout-flex wp-block-gallery-is-layout-flex\"><ul class=\"blocks-gallery-grid\"><li class=\"blocks-gallery-item\"><figure><img loading=\"lazy\" decoding=\"async\" width=\"1024\" height=\"704\" src=\"http:\/\/bearbeitung.grundschule-uthlede.de\/wp-content\/uploads\/2020\/04\/Plattdeutsche-School-Logo-1024x704.jpg\" alt=\"\" data-id=\"441\" data-full-url=\"http:\/\/bearbeitung.grundschule-uthlede.de\/wp-content\/uploads\/2020\/04\/Plattdeutsche-School-Logo.jpg\" data-link=\"http:\/\/bearbeitung.grundschule-uthlede.de\/?attachment_id=441\" class=\"wp-image-441\" srcset=\"http:\/\/grundschule-uthlede.de\/wp-content\/uploads\/2020\/04\/Plattdeutsche-School-Logo-1024x704.jpg 1024w, http:\/\/grundschule-uthlede.de\/wp-content\/uploads\/2020\/04\/Plattdeutsche-School-Logo-300x206.jpg 300w, http:\/\/grundschule-uthlede.de\/wp-content\/uploads\/2020\/04\/Plattdeutsche-School-Logo-768x528.jpg 768w, http:\/\/grundschule-uthlede.de\/wp-content\/uploads\/2020\/04\/Plattdeutsche-School-Logo-1200x825.jpg 1200w, http:\/\/grundschule-uthlede.de\/wp-content\/uploads\/2020\/04\/Plattdeutsche-School-Logo.jpg 1382w\" sizes=\"(max-width: 1024px) 100vw, 1024px\" \/><\/figure><\/li><\/ul><\/figure>\n\n\n\n<p>Besonders zu sch\u00e4tzen wissen wir die gute Vernetzung im Einzugsgebiet unserer Schule, durch die wir in vielf\u00e4ltiger Weise Unterst\u00fctzung in der Planung und Durchf\u00fchrung von Allt\u00e4glichem und Besonderem erhalten. Der Schulverein beispielsweise versorgt uns immer wieder auf Festen mit Leckereien und erm\u00f6glicht uns mit Spenden eine Vielzahl von Anschaffungen, die sonst nicht m\u00f6glich w\u00e4ren. Dar\u00fcber hinaus konnten wir aber auch Firmen gewinnen, die uns durch Ihre Zusammenarbeit in hohem Ma\u00dfe unterst\u00fctzen.<\/p>\n","protected":false},"excerpt":{"rendered":"<p>Unser Schulleben ist gepr\u00e4gt von verschiedenen Aktionen, Projekten und Veranstaltungen, die sich, zum Teil langfristig im Schulprogramm verankert, durch den Jahresverlauf ziehen. Der Unterricht erfolgt auf Grundlage der curricularen Vorgaben nach festgelegten Schularbeitspl\u00e4nen durch Klassen- und Fachlehrkr\u00e4fte unter Einbezug neuer Medien und moderner Unterrichtsmethoden. Die individuelle Lernausgangslage des Kindes steht bei der Unterrichtsplanung im Mittelpunkt. [&hellip;]<\/p>\n","protected":false},"author":1,"featured_media":0,"parent":0,"menu_order":0,"comment_status":"closed","ping_status":"closed","template":"","meta":{"footnotes":""},"class_list":["post-121","page","type-page","status-publish","hentry"],"_links":{"self":[{"href":"http:\/\/grundschule-uthlede.de\/index.php?rest_route=\/wp\/v2\/pages\/121"}],"collection":[{"href":"http:\/\/grundschule-uthlede.de\/index.php?rest_route=\/wp\/v2\/pages"}],"about":[{"href":"http:\/\/grundschule-uthlede.de\/index.php?rest_route=\/wp\/v2\/types\/page"}],"author":[{"embeddable":true,"href":"http:\/\/grundschule-uthlede.de\/index.php?rest_route=\/wp\/v2\/users\/1"}],"replies":[{"embeddable":true,"href":"http:\/\/grundschule-uthlede.de\/index.php?rest_route=%2Fwp%2Fv2%2Fcomments&post=121"}],"version-history":[{"count":10,"href":"http:\/\/grundschule-uthlede.de\/index.php?rest_route=\/wp\/v2\/pages\/121\/revisions"}],"predecessor-version":[{"id":674,"href":"http:\/\/grundschule-uthlede.de\/index.php?rest_route=\/wp\/v2\/pages\/121\/revisions\/674"}],"wp:attachment":[{"href":"http:\/\/grundschule-uthlede.de\/index.php?rest_route=%2Fwp%2Fv2%2Fmedia&parent=121"}],"curies":[{"name":"wp","href":"https:\/\/api.w.org\/{rel}","templated":true}]}}

<p>Unser Schulleben ist geprägt von verschiedenen Aktionen, Projekten und Veranstaltungen, die sich, zum Teil langfristig im Schulprogramm verankert, durch den Jahresverlauf ziehen.</p>



<figure class="wp-block-gallery aligncenter columns-1 is-cropped wp-block-gallery-1 is-layout-flex wp-block-gallery-is-layout-flex"><ul class="blocks-gallery-grid"><li class="blocks-gallery-item"><figure><img loading="lazy" decoding="async" width="1024" height="627" src="http://bearbeitung.grundschule-uthlede.de/wp-content/uploads/2020/04/Sonnenaufgang_a-1024x627.jpg" alt="" data-id="329" data-full-url="http://bearbeitung.grundschule-uthlede.de/wp-content/uploads/2020/04/Sonnenaufgang_a.jpg" data-link="http://bearbeitung.grundschule-uthlede.de/?attachment_id=329" class="wp-image-329" srcset="http://grundschule-uthlede.de/wp-content/uploads/2020/04/Sonnenaufgang_a-1024x627.jpg 1024w, http://grundschule-uthlede.de/wp-content/uploads/2020/04/Sonnenaufgang_a-300x184.jpg 300w, http://grundschule-uthlede.de/wp-content/uploads/2020/04/Sonnenaufgang_a-768x470.jpg 768w, http://grundschule-uthlede.de/wp-content/uploads/2020/04/Sonnenaufgang_a-1536x941.jpg 1536w, http://grundschule-uthlede.de/wp-content/uploads/2020/04/Sonnenaufgang_a-1200x735.jpg 1200w, http://grundschule-uthlede.de/wp-content/uploads/2020/04/Sonnenaufgang_a.jpg 1600w" sizes="(max-width: 1024px) 100vw, 1024px" /></figure></li></ul></figure>



<p>Der Unterricht erfolgt auf Grundlage der curricularen Vorgaben nach festgelegten Schularbeitsplänen durch Klassen- und Fachlehrkräfte unter Einbezug neuer Medien und moderner Unterrichtsmethoden. Die individuelle Lernausgangslage des Kindes steht bei der Unterrichtsplanung im Mittelpunkt. Eine gute Zusammenarbeit zwischen Klassenlehrkraft, Förderschullehrerin und Elternhaus ermöglicht eine individuelle Förderung jedes einzelnen Kindes im Klassenverband und ist die Basis guten Unterrichts.</p>



<div class="wp-block-image"><figure class="alignright size-large"><img loading="lazy" decoding="async" width="201" height="182" src="http://bearbeitung.grundschule-uthlede.de/wp-content/uploads/2020/04/Umweltschule-1.jpg" alt="" class="wp-image-438"/></figure></div>



<p>Die Grundschule Uthlede hat sich durch die Teilnahme am BNE-Projekt einige Schwerpunkte in ihrer Arbeit gesetzt. Im Bereich „Gesundheit“ finden sich im Jahresverlauf Aktionen, die sich mit gesunder Ernährung, wie z.B. Kochen mit den Landfrauen und Schulfrühstück, oder mit sportlichen Themen, wie z.B. Handballtag oder Projekt Skipping Hearts, beschäftigen. Im Bereich „Biodiversität“ bearbeiten die Kinder beispielsweise im Schulgarten eigene Beete und lernen dort Kreisläufe der Natur kennen. Darüber hinaus soll der Bereich &#8222;Fair Trade&#8220; neuer Inhalt werden, bei dem die Schülerinnen und Schüler verantwortungsvolles Verbraucherverhalten kennenlernen sollen. </p>



<p></p>



<p>Einen weiteren Schwerpunkt hat die Grundschule Uthlede im Bereich Plattdeutsch. Die Kinder haben ab der zweiten Klasse eine Stunde pro Woche Plattdeutschunterricht und erhalten hier spielerisch und kindgerecht Zugang zur regionalen Sprache. Seit November 2018 ist die Schule offiziell als &#8222;Plattdeutsche Schule&#8220; ausgezeichnet. </p>



<figure class="wp-block-gallery columns-1 is-cropped wp-block-gallery-2 is-layout-flex wp-block-gallery-is-layout-flex"><ul class="blocks-gallery-grid"><li class="blocks-gallery-item"><figure><img loading="lazy" decoding="async" width="1024" height="704" src="http://bearbeitung.grundschule-uthlede.de/wp-content/uploads/2020/04/Plattdeutsche-School-Logo-1024x704.jpg" alt="" data-id="441" data-full-url="http://bearbeitung.grundschule-uthlede.de/wp-content/uploads/2020/04/Plattdeutsche-School-Logo.jpg" data-link="http://bearbeitung.grundschule-uthlede.de/?attachment_id=441" class="wp-image-441" srcset="http://grundschule-uthlede.de/wp-content/uploads/2020/04/Plattdeutsche-School-Logo-1024x704.jpg 1024w, http://grundschule-uthlede.de/wp-content/uploads/2020/04/Plattdeutsche-School-Logo-300x206.jpg 300w, http://grundschule-uthlede.de/wp-content/uploads/2020/04/Plattdeutsche-School-Logo-768x528.jpg 768w, http://grundschule-uthlede.de/wp-content/uploads/2020/04/Plattdeutsche-School-Logo-1200x825.jpg 1200w, http://grundschule-uthlede.de/wp-content/uploads/2020/04/Plattdeutsche-School-Logo.jpg 1382w" sizes="(max-width: 1024px) 100vw, 1024px" /></figure></li></ul></figure>



<p>Besonders zu schätzen wissen wir die gute Vernetzung im Einzugsgebiet unserer Schule, durch die wir in vielfältiger Weise Unterstützung in der Planung und Durchführung von Alltäglichem und Besonderem erhalten. Der Schulverein beispielsweise versorgt uns immer wieder auf Festen mit Leckereien und ermöglicht uns mit Spenden eine Vielzahl von Anschaffungen, die sonst nicht möglich wären. Darüber hinaus konnten wir aber auch Firmen gewinnen, die uns durch Ihre Zusammenarbeit in hohem Maße unterstützen.</p>

<p>Unser Schulleben ist geprägt von verschiedenen Aktionen, Projekten und Veranstaltungen, die sich, zum Teil langfristig im Schulprogramm verankert, durch den Jahresverlauf ziehen. Der Unterricht erfolgt auf Grundlage der curricularen Vorgaben nach festgelegten Schularbeitsplänen durch Klassen- und Fachlehrkräfte unter Einbezug neuer Medien und moderner Unterrichtsmethoden. Die individuelle Lernausgangslage des Kindes steht bei der Unterrichtsplanung im Mittelpunkt. [&hellip;]</p>
